m) = -266*m + 74. What are the prime factors of t(-10)?
2, 1367
Let l(b) = 5*b**2 + b - 1. Let v be l(1). Suppose 4*m = m - 3*q + 108, 0 = m - v*q - 36. Suppose m = 5*j - 84. What are the prime factors of j?
2, 3
Suppose 3*s - 5*n - 20 = 0, -4*s + 2 = 2*n - 16. Let u be 1/s - 72/(-40). Suppose 2*o + u*o = -2*l + 92, -l - 3*o = -50. List the prime factors of l.
2, 19
Let j = -26 - -114. Suppose -5*f + 3*q = -31, -28 = -4*f + q + 3*q. Suppose -j = k - f*k. What are the prime factors of k?
2, 11
Suppose -20 = 2*f - 4*j, 3*j = -2*f + 11 + 4. Let c be (5 - -2) + (1 - 3). Suppose f = c*m - 202 + 67. List the prime factors of m.
3
Let z = -1696 + 4159. What are the prime factors of z?
3, 821
Suppose 2*y = 0, 4*y - 336 = -39*a + 38*a. List the prime factors of a.
2, 3, 7
Let f = 50 - 80. List the prime factors of 6/(-45) + (-2374)/f.
79
Suppose 73 = r + 1. Suppose -5*y = -i, -r = 4*i + 4*y - 0*y. List the prime factors of (i/2)/((-1)/6).
3, 5
Suppose 4*c - 2 - 26 = 0. Suppose c = -3*g + 22. Suppose -4*r = 2*o - 0*r - 160, -2*r + 368 = g*o. What are the prime factors of o?
2, 3
What are the prime factors of ((-40)/(-12))/((-10)/(-8595))?
3, 5, 191
Suppose 0 = 101*u - 103*u + 5520. What are the prime factors of u?
2, 3, 5, 23
What are the prime factors of 32/(12*4/2808)?
2, 3, 13
Let q be 212/6 - (-9)/(-27). Let b = 39 - q. What are the prime factors of b?
2
What are the prime factors of 72/(-42)*51849/(-18)?
2, 3, 823
Let x be (10/(-5))/((-2)/(-6)). Let l = 36 + x. What are the prime factors of l?
2, 3, 5
Suppose -4 = 5*a - 4*s, -5*a + 1 + 4 = 5*s. Suppose h + 2*h = a. Suppose h*v + 3*v - 132 = 0. What are the prime factors of v?
2, 11
Let v = 3408 - 2114. List the prime factors of v.
2, 647
Let i = 45 + -73. Let w be 403/5 - (-3)/(-5). Let h = i + w. What are the prime factors of h?
2, 13
Suppose 25*o = 83351 + 16724. What are the prime factors of o?
4003
Let r(v) = -v**3 + 6*v**2 - 5*v + 2. Let l be r(5). Suppose -5*i = 15, -h - l*i = -14 - 45. Let g = 112 - h. What are the prime factors of g?
47
Suppose -m - 2*m - 3*u = 57, 27 = -m - 5*u. Let q = m + 19. Suppose -q*h - 20 = -7*h. List the prime factors of h.
2
Let q = 7 + -7. Suppose 9*f - 3*f - 498 = q. What are the prime factors of f?
83
Let c(z) = -z. Let m be c(0). Suppose m*k = 3*k + 198. Let f = k - -97. List the prime factors of f.
31
Let r(w) = -w + 9. Let y be r(12). List the prime factors of 178 + y/(-2)*(-104)/(-39).
2, 7, 13
Let r be (-100)/(-24) + (-2)/12. Let d = 12 + r. What are the prime factors of (-57)/2*d/(-12)?
2, 19
Let h(u) = -30*u**2 - u + 1. Let f be h(2). Let n = 208 + f. What are the prime factors of n?
3, 29
Let a(c) = c**3 - 2*c - 4. Let g be a(5). Let y(h) = -4*h + 60. Let q be y(15). Suppose -4*u + g = x, q*u - 2*x = -2*u + 58. What are the prime factors of u?
2, 7
Let v(d) = 4*d**2. Let f be v(1). Suppose 0*b - 3*b + 2*h = -127, 5*h = -f*b + 200. What are the prime factors of b?
3, 5
What are the prime factors of (1247/(-3))/(8/(-24))?
29, 43
Let r be (4/(-5))/(5/25). Let w be (-3)/3*(-32)/r. List the prime factors of (w/(-10))/(6/15).
2
Let j(q) = -37*q - 33. Let k be j(-7). Suppose 0 = -4*l + 62 + k. What are the prime factors of l?
2, 3
Let q(r) = -r**3 + 16*r**2 + 17*r + 10. Let t be q(17). Suppose t*l = -6*l + 496. What are the prime factors of l?
31
Let v(p) be the second derivative of 3*p**5/10 - 7*p**4/24 + 2*p**3/3 + 9*p. Let f(r) be the second derivative of v(r). What are the prime factors of f(2)?
5, 13
Let i(t) = -t**3 + 6*t**2 - 6*t + 7. Suppose 0 = 3*r - r - 10. Let a be i(r). What are the prime factors of 49 + -4*a/2?
3, 5
Let j(w) = 20*w**2 + 8*w + 62. What are the prime factors of j(-8)?
2, 3, 71
Let a = -15 - -43. Suppose -20 = -2*k + a. List the prime factors of k.
2, 3
Let y(k) = -21*k - 13. Let q(z) = -7*z - 4. Let l(w) = -11*q(w) + 4*y(w). Suppose -3*u - 18 = -0*u. What are the prime factors of l(u)?
2, 17
Let r(x) = 250*x**2 - 15*x + 3. What are the prime factors of r(3)?
2, 3, 23
Suppose -c = 4, 3*s + c + c - 271 = 0. Let g = -44 + s. List the prime factors of g.
7
Let z(j) be the third derivative of -j**4/3 - 7*j**3/6 - 5*j**2. Let q(c) = -17*c - 15. Let b(w) = -3*q(w) + 7*z(w). What are the prime factors of b(-6)?
2, 13
Suppose 1485 = 3*a - i, -14*a + 10*a + 1972 = -4*i. List the prime factors of a.
2, 31
Let k(j) = 19*j + 103. List the prime factors of k(6).
7, 31
Let l(b) = -36*b + 18. Let y be l(7). Let w = y + 395. What are the prime factors of w?
7, 23
Let b(a) = -a**2 - 15*a - 32. Let c(m) = 2*m**2 + 31*m + 63. Let d(y) = -13*b(y) - 6*c(y). What are the prime factors of d(-9)?
2, 19
Let v = 2734 - 926. What are the prime factors of v?
2, 113
Let d(y) = 7*y - 3. Let u(v) = -7*v + 3. Let n(a) = 3*d(a) + 2*u(a). Let p be n(9). Suppose 0 = -2*t + p + 14. List the prime factors of t.
37
Let c be (1*2)/(6/(-60)). Let u = c - -60. What are the prime factors of u?
2, 5
Suppose -h + 6 - 2 = 0. Suppose -h*a + 5*s = -7, 4*a - 2*s + 2 - 12 = 0. Suppose 4*k - a*n - 2*n - 92 = 0, 2*k = -2*n + 28. List the prime factors of k.
2, 3
Let y be (-72)/(-33) + (-6)/33. Suppose 0 = 2*u + 4*z - 6, -y*u - 2 = u - 5*z. Let l = u + 3. What are the prime factors of l?
2
Let v(k) = k - 5. Let o(r) = -r**3 + 5*r**2 + 7*r. Let t be o(6). Let q be v(t). Let m(w) = 6*w - 1. What are the prime factors of m(q)?
5
Let y(h) = -h**3 - h**2 - 1. Let g(m) = 2*m**3 + 2*m**2 - m + 88. Let t(d) = g(d) + 3*y(d). List the prime factors of t(0).
5, 17
Let t(q) = -75*q - 32. Let g be t(-9). Suppose 8*f - 421 = g. List the prime factors of f.
7, 19
Let o be (3 + -2)*(1 - -6). Let r = o + -3. Suppose -r*b = -76 - 36. What are the prime factors of b?
2, 7
Suppose -2*o + o + 22 = -4*k, -4*o - 17 = 5*k. Suppose 5*p - 426 = 2*n - n, -152 = -o*p + 5*n. List the prime factors of p.
2, 43
Suppose -4*s = -4*b + 44, -4*b + s + 18 + 35 = 0. Let u(o) = 9*o - 26. List the prime factors of u(b).
2, 5
Suppose 0 = 4*z - 176 - 188. Suppose -2*a + 59 = -49. Let v = z - a. What are the prime factors of v?
37
Let i(w) = 0*w**2 + 113 + 28*w - 6*w**2 - 101 + 4*w**2. Let f be (32/12)/(2/9). What are the prime factors of i(f)?
2, 3, 5
Let v(k) = -2*k**3 + k**2 + k + 1. Let j be v(-1). Suppose -p - j*p + 859 = 5*o, -o + 437 = 2*p. List the prime factors of p.
13, 17
Let n = -143 + 217. What are the prime factors of n?
2, 37
Let f(n) = 11*n**3 - 2*n**2 + n - 5. Let j be f(4). Let u = j - 453. Suppose 0 = 5*w - 17 - u. What are the prime factors of w?
47
List the prime factors of (-1 + 2 - -667) + (-68 - -71).
11, 61
Let q(w) = 1. Let r(t) = 2*t + 3. Suppose 5*g + m - 7 = 4*m, -g + 5*m + 19 = 0. Let n(a) = g*r(a) + 6*q(a). List the prime factors of n(-4).
11
Suppose r - 2*o + 4 = 3*r, -2*o = 2. Let n = -1 + r. Suppose n*u = 3*u - 22. What are the prime factors of u?
2, 11
Let c = 1629 - 1327. List the prime factors of c.
2, 151
Let r be (7 - -13) + (-2 - 0). What are the prime factors of (-2)/9 + 526/r?
29
Suppose 5*z + 4415 = 5*r, 2*r - z = 4*z + 1769. Suppose 12*y = -6*y + r. What are the prime factors of y?
7
Let d(o) = o**2 - 7*o + 14. Suppose 3*u + 3 = 6, 3*u - 168 = 5*v. Let h be (-2)/(-4) + v/(-6). List the prime factors of d(h).
2
Suppose -2 = 2*s, -o - 3*s + 17 = 4*o. Suppose -g - g + o = 0. What are the prime factors of (-11)/(44/(-120)) + g?
2
Suppose -7*w + 31*w = 3672. What are the prime factors of w?
3, 17
Suppose 522 = 2*m + m. Let i = m - 70. What are the prime factors of i?
2, 13
Let a = -482 - -477. Let z(m) = -4*m + 0*m + m - 1. List the prime factors of z(a).
2, 7
Let b(t) = 2*t**3 - 46*t**2 + 45*t - 19. List the prime factors of b(23).
2, 127
Let j(b) = -b**3 - 5*b**2 + 11*b + 19. Let l = -63 + 55. What are the prime factors of j(l)?
3, 41
Suppose 3*a + 1 = a - 5*g, g = -a + 4. Suppose -74 = -a*t + 66. List the prime factors of t.
2, 5
Suppose 11 + 9 = 5*i, -4*i = 5*t - 2666. Suppose -5*h = 5*b - t, 3*h + 4*b + 96 = 4*h. List the prime factors of h.
2, 13
Let c(p) = p - 8. Let f be c(9). Suppose -7 + f = -2*m. Let o(h) = h**2 - h - 1. What are the prime factors of o(m)?
5
Let p = -6 + 8. Let d be 2/4 + (-11)/(110/(-45)). Suppose 0 = -i - 5*y + 9, 0*i = -d*i - p*y + 137. What are the prime factors of i?
29
Suppose -63*c + 68*c + 2*k - 5630 = 0, -1126 = -c + 3*k. What are the prime facto